(base 16) in base 3?
1020111122111022
-103003031 (base 4) to base 7
-443330
Convert -231202011 (base 4) to base 15.
-3a3d6
708425 (base 9) to base 12
182942
1c47d5 (base 16) to base 7
21516330
Convert -14237 (base 16) to base 13.
-2b712
Convert -22014400 (base 5) to base 13.
-67b94
What is -5a10a9 (base 11) in base 9?
-1712376
What is 45149 (base 11) in base 6?
1222425
203042120 (base 5) to base 12
340a26
Convert aadc04 (base 16) to base 15.
eb2b64
6045977 (base 11) to base 4
220303101032
-4532543 (base 9) to base 10
-2442594
What is -1540673 (base 8) in base 2?
-1101100000110111011
What is -10100003 (base 5) in base 14?
-2187b
-101110100001111100 (base 2) to base 3
-100200102211
Convert -37366515 (base 8) to base 6.
-452515101
200344 (base 8) to base 10
65764
What is -d0a7 (base 16) in base 11?
-3714a
-1978544 (base 12) to base 16
-522c04
a4808 (base 13) to base 9
500630
Convert 111101111100111111 (base 2) to base 4.
331330333
What is 37990a8 (base 12) in base 7?
161444330
-10132330 (base 4) to base 9
-27164
Convert -2b6811 (base 12) to base 2.
-10110100000000001101
Convert 37567b (base 15) to base 10.
2650841
Convert -450646 (base 7) to base 10.
-79561
Convert 20255b3 (base 12) to base 3.
102022222220200
What is 548c1a (base 14) in base 5?
1213221422
What is -43441055 (base 6) in base 16?
-13c77b
Convert -8997ca (base 14) to base 7.
-54506343
Convert -612340 (base 8) to base 15.
-3ec87
-9b6fe (base 16) to base 3
-1012100100101
Convert 7ba337 (base 12) to base 11.
1138408
8678008 (base 9) to base 2
10001110001000110110101
Convert -131727 (base 10) to base 4.
-200022033
73461 (base 8) to base 11
20a1a
What is -2101200020202 (base 3) in base 15?
-1a22cb
3103132020 (base 4) to base 5
210204214
-2584467 (base 10) to base 3
-11212022020000
300100110 (base 4) to base 2
110000010000010100
What is 2211110101100 (base 3) in base 13?
408cc3
11100002120 (base 3) to base 15
1a45c
1ccbb3 (base 14) to base 16
fc749
What is -111102222100 (base 3) in base 7?
-2151312
Convert 5050003 (base 6) to base 12.
b6903
What is -90325 (base 13) in base 7?
-2121661
What is -1502454 (base 6) in base 2?
-10101000010000010
2692566 (base 12) to base 16
74d19e
Convert 220012313 (base 4) to base 3.
22100100102
26030a1 (base 11) to base 4
101031323330
Convert ed5928 (base 16) to base 14.
20cc972
What is 3112334243 (base 5) in base 14?
bbbc18
Convert 1c5822 (base 16) to base 6.
103451510
7961b2 (base 13) to base 5
1213311341
What is -15a44 (base 12) in base 15?
-922d
Convert 410422332 (base 5) to base 3.
10010001211211
2526255 (base 7) to base 8
1175273
What is 168ee8 (base 15) in base 8?
4127565
Convert -101010101111111101 (base 2) to base 16.
-2abfd
2112220100 (base 4) to base 14
120bba
-4122b3 (base 15) to base 5
-1243023433
Convert -107487 (base 9) to base 13.
-234ca
What is 234110 (base 11) in base 9?
625516
What is 12022120201 (base 3) in base 4?
121203133
What is -212021201112022 (base 3) in base 10?
-12375161
What is 412553 (base 8) in base 5?
13332210
What is -caa96 (base 15) in base 12?
-270589
Convert -2111331404 (base 5) to base 8.
-20625670
-434852 (base 11) to base 6
-22515100
What is -451436 (base 8) in base 9?
-251877
1020000222 (base 4) to base 14
796c2
What is 3555243 (base 6) in base 15?
3a3dc
What is -a576a8 (base 12) in base 15?
-366d28
Convert 1211011101110 (base 3) to base 9.
1734343
-100101111000001111 (base 2) to base 7
-1214223
2108bb6 (base 13) to base 2
100110010100010001001111
What is 3aaba (base 12) in base 4?
103302232
423b12 (base 12) to base 9
1860465
5ebb8 (base 15) to base 5
34144043
What is -c73893 (base 16) in base 4?
-301303202103
3dca1 (base 14) to base 6
3142125
What is 611252 (base 7) in base 16?
19529
Convert 200330320 (base 5) to base 13.
2199b1
Convert 3055334 (base 7) to base 3.
200122012122
-27748623 (base 9) to base 16
-d1886f
What is -6645402 (base 11) in base 9?
-23843355
Convert 20103231311 (base 4) to base 13.
5b3406
-1e7a67 (base 16) to base 14
-39dcc7
What is -26b45b (base 14) in base 16?
-146769
What is a27706 (base 14) in base 13?
1199446
-4eeec5 (base 15) to base 14
-70b987
-122467 (base 9) to base 10
-74014
4d3c7 (base 16) to base 6
10440343
Convert 55410 (base 9) to base 11.
256aa
-1000110000100111100000000 (base 2) to base 7
-312100511
Convert 137413 (base 8) to base 13.
19351
What is -2791123 (base 11) in base 14?
-8d08b3
-1000221223 (base 4) to base 13
-936c1
-5770976 (base 10) to base 13
-12709a3
What is -111111110000000001 (base 2) in base 14?
-6b237
What is -203011011 (base 4) in base 6?
-3025113
Convert -2ab1b0 (base 12) to base 9.
-1323506
Convert 322a9 (base 13) to base 10.
90554
Convert 125501405 (base 7) to base 9.
16182122
Convert 871211 (base 9) to base 2.
1111110110000110100
What is 1265140 (base 7) in base 16?
28e25
What is -210211021222 (base 3) in base 6?
-13112512
-74424 (base 9) to base 16
-c025
What is -20020240 (base 5) in base 11?
-a8426
Convert -5411d (base 14) to base 8.
-615017
-2210121102002 (base 3) to base 11
-927109
400101 (base 11) to base 14
12ab54
14413032 (base 5) to base 14
40262
What is -2143211420 (base 5) in base 9?
-8686831
What is 232201303131 (base 4) in base 16?
ba1cdd
Convert 11110131130 (base 4) to base 2.
101010100011101011100
What is -9a62a (base 11) in base 9?
-242041
What is 23332223 (base 6) in base 5?
141240300
Convert 1132031 (base 6) to base 15.
12631
What is -1874705 (base 9) in base 13?
-2ab531
101113203332 (base 4) to base 10
4552958
What is -61a957 (base 11) in base 12?
-400068
-15217 (base 13) to base 4
-21233200
102211121112 (base 3) to base 15
49082
a27761 (base 14) to base 7
64354151
Convert 154426 (base 9) to base 7.
544212
70c9 (base 15) to base 13
aabb
Convert -157218 (base 11) to base 9.
-411426
What is 35240400 (base 7) in base 4?
23311121100
What is -26c36c (base 13) in base 5?
-220102123
What is -102131203 (base 5) in base 14?
-b18bb
Convert 61656236 (base 7) to base 11.
2a1428a
Convert 23512 (base 10) to base 7.
125356
Convert 111111010122 (base 3) to base 6.
5404542
Convert -421537 (base 8) to base 5.
-13441002
What is -2150242 (base 6) in base 4?
-122102102
55323325 (base 7) to base 15
64111d
1811170 (base 9) to base 8
3667103
-2aa92a (base 12) to base 4
-2300222302
What is 2124201 (base 5) in base 8?
106520
Convert -102120210101021 (base 3) to base 10.
-6156682
-c09b (base 15) to base 5
-2300041
25b14 (base 13) to base 4
101011133
-137208 (base 9) to base 7
-466625
-9070a2 (base 15) to base 8
-32122650
31b4a7 (base 14) to base 15
233a03
What is -3044230334 (base 5) in base 10?
-6242594
11460a2 (base 11) to base 13
550004
1000211210201 (base 3) to base 2
10000101110011100001
Convert -a6d4 (base 15) to base 8.
-104743
What is 6485484 (base 9) in base 8?
15217437
19c7c5 (base 13) to base 6
22021134
-100000000111110111000100 (base 2) to base 13
-198ab32
122212012 (base 3) to base 6
140135
Convert c7140 (base 13) to base 4.
1113132330
Convert 20111012200 (base 3) to base 7.
1041246
100101110000001110 (base 2) to base 13
55503
What is 7105 (base 9) in base 13?
2492
2240456 (base 7) to base 14
7382d
What is -101110011100101010 (base 2) in base 16?
-2e72a
-11a58a8 (base 11) to base 13
-580a93
What is -10132320331 (base 4) in base 7?
-12662644
-20ecc4 (base 15) to base 2
-101111111000001110100
12401433 (base 5) to base 10
122118
Convert 314678 (base 10) to base 15.
63388
What is 1100001100100100100101 (base 2) in base 3?
20000102202121
-352a8 (base 13) to base 7
-553135
What is 1420156 (base 9) in base 15?
106596
Convert -166332 (base 9) to base 13.
-37baa
Convert -2c541 (base 14) to base 13.
-3b57b
-360ab (base 13) to base 7
-561435
What is -55421 (base 6) in base 16?
-1e25
Convert 19ca53 (base 13) to base 2.
10100000010001010000
1221212 (base 4) to base 13
30cb
-25046341 (base 7) to base 16
-224a01
What is 3222123230 (base 4) in base 7?
11106344
Convert 660353 (base 7) to base 4.
130023221
What is 340031234 (base 5) in base 2?
101101010111001101100
What is 22120212011 (base 3) in base 16?
29440
-1523342 (base 6) to base 3
-11111221222
1423485 (base 9) to base 14
165695
Convert -edaa (base 16) to base 9.
-102412
What is -113223201332 (base 4) in base 12?
-20b4452
-554234 (base 7) to base 11
-67309
What is 3b375 (base 12) in base 15?
19342
26043 (base 11) 